0 = -4*x - h, 4 = -2*h. Let o = -50 + x. Let v be (-19)/(-3) + (-2)/(-3). Calculate the highest common factor of v and o.
7
Let l = -24 + 31. Suppose 36 = n + 4*y, y + 306 = 5*n + 21. What is the greatest common divisor of l and n?
7
Let l(q) = -3*q - 9. Let r(w) = w**3 - 4*w**2 - w + 4. Let h be r(3). Let b be l(h). Let x = -3 + 6. Calculate the highest common divisor of x and b.
3
Let v be 42/(-10) - 2/(-10). Let n(s) = s**2 - 5*s - 6. Let k be n(v). Calculate the highest common factor of k and 210.
30
Suppose m = -29 + 31. What is the greatest common factor of 10 and m?
2
Let r be 3*(4/(-6) + 1). Suppose -5*b + 0*b + 40 = 0. Let o = b - 1. What is the highest common factor of r and o?
1
Let h be -2 + 1 - -1 - (13 - 189). What is the highest common divisor of h and 11?
11
Suppose -48 = -6*w + 3*w. Suppose -4*h + 3*x = -w, -3*h = -3*x - 19 + 7. Calculate the highest common factor of h and 44.
4
Let l(b) = -4*b + 6. Let v be l(-8). Let x = v + -22. Suppose -x = -y - 2*c - 2, 0 = 4*y + 5*c - 47. Calculate the greatest common factor of 56 and y.
8
Let z be -1 + 55/(-2)*-2. What is the highest common factor of z and 81?
27
Suppose -2*o + 1 = -7, -3*b + 4*o = -146. What is the highest common factor of b and 81?
27
Suppose 3*i - 22 = -2*t, 2*t + 3*i - 17 = t. Suppose 0 = -2*q + 5*c, -4*q = -3*q - c - 6. Calculate the greatest common divisor of t and q.
5
Suppose -s - 3*s = 5*j - 36, -15 = -2*j - s. What is the greatest common factor of 1 and j?
1
Let j(h) be the third derivative of h**4/6 + h**3/3 - 2*h**2. Let q be j(2). Calculate the greatest common factor of 20 and q.
10
Suppose -9 - 5 = -2*l. Suppose 22 = l*y - 5*y. Calculate the greatest common factor of 77 and y.
11
Suppose -5*g = -548 - 62. Suppose 2 = -2*u + g. Calculate the greatest common divisor of u and 12.
12
Let l(c) = 5*c + 0 + 1 - 6*c. Let s be l(-7). Let v(i) = 6*i + 20. Let u be v(6). Calculate the highest common divisor of s and u.
8
Let w(q) = -4 + 0*q + 2 - q + 6. Let k be w(2). Suppose 0 = -3*r + 3*b + 15, -3*r + 8 = 2*b + k*b. What is the highest common divisor of r and 12?
4
Suppose r - 6*r + 140 = 0. Suppose 5*h = -5*w + 15, w + 3*h = -3 + 12. Suppose 4*k + w*k = r. Calculate the greatest common factor of 21 and k.
7
Suppose 0 = -d - 4*s + 6, -5*s - 75 = -5*d - 20. Let r(o) = -2*o**2 + 22*o - 6. Let b be r(4). Calculate the highest common factor of b and d.
10
Let i = -13 + 22. Calculate the greatest common factor of 9 and i.
9
Let s = 15 - -51. Suppose -4*f + 2*o = -24, -2*f + 6 = -4*o - 6. What is the greatest common divisor of s and f?
6
Let v(s) be the first derivative of s**3/3 + 3*s**2/2 - s - 1. Let w be v(-4). Suppose 81 = -w*l + 231. What is the highest common factor of 10 and l?
10
Suppose 0 = -3*p + 5*r + 42, -4*p + 70 = p + r. Calculate the highest common divisor of p and 154.
14
Suppose -5*m = 3*h - 15, h + 2*h + 2*m - 6 = 0. Let i be 6/((-2)/(-11) - h). Let u = 36 + -14. What is the greatest common factor of i and u?
11
Suppose 18*w = 16*w + 34. Suppose -c = r + c - 58, -5*r - c = -335. What is the highest common factor of w and r?
17
Let g = -18 + 95. Let b be 7/(-1 - -2) - 0. What is the highest common divisor of b and g?
7
Let l = 3 + 2. Let v = l + 11. What is the greatest common divisor of 112 and v?
16
Let i be (114/18)/((-2)/30). Let m be (-12)/(-24) + i/(-2). What is the greatest common divisor of m and 32?
16
Let n be (-2)/(-9) + 22/(-18). Let w be (-654)/(-30) + n/(-5). What is the greatest common factor of 154 and w?
22
Let i = -2 + 10. Let u = -51 - -35. Let t be (u/6)/(2/(-48)). Calculate the greatest common factor of i and t.
8
Suppose -6*w + 2*w = -36. Suppose -3*z = -4*z + 4, 5*i - 3*z = -42. Let j be i/(-4)*(29 - -1). What is the greatest common divisor of w and j?
9
Suppose -4*a = -7 - 9, 4*a = y - 38. Let w = 98 - y. What is the highest common divisor of 4 and w?
4
Suppose 127 - 1 = 9*i. What is the greatest common factor of 126 and i?
14
Suppose -8*k + 48 = -5*k. Let m(r) = -4*r + 4. Let g be m(-5). Calculate the highest common divisor of g and k.
8
Let d(y) = -23*y**3 + 1. Let x be d(-1). Calculate the greatest common factor of 12 and x.
12
Suppose 6*i = 5 + 31. Calculate the greatest common divisor of i and 30.
6
Let u(i) = -i**3 + 10*i**2 - 3*i - 10. Let g be u(8). Suppose t + 93 = h, -5*h = 3*t - g - 331. What is the highest common divisor of h and 8?
8
Suppose 7*p = v + 4*p - 1, -v + 2*p = 0. Let f be (-1)/(3 + v) + 113. Calculate the highest common divisor of 14 and f.
14
Suppose 4*h + 25 = 217. Calculate the highest common divisor of h and 36.
12
Let y be (24/(-14))/((-2)/147). What is the highest common divisor of 14 and y?
14
Let d = 40 - 16. What is the greatest common divisor of 8 and d?
8
Let v = -58 - -113. Calculate the greatest common factor of v and 11.
11
Suppose -44 = -i - 4*u, -2*u + 111 = 4*i + u. What is the highest common divisor of i and 60?
12
Let y be (-13 - -3)*(-6)/(-4). Let i = 29 - y. Suppose -2*b - 2*f + 12 = 0, -f - f = b - 1. Calculate the highest common divisor of b and i.
11
Let t be ((-1)/2)/(1/(-24)) + -2. Let d = 26 - 11. What is the highest common divisor of d and t?
5
Suppose -4*q - 3 + 0 = 5*h, 0 = 3*h + 4*q + 5. Let c be (-2 - -2) + 2 - h. Calculate the highest common divisor of c and 3.
1
Let r be (-60)/(-4) + 1 - (2 - 7). Let z(c) = -3*c + 6. Let n be z(-5). What is the greatest common factor of n and r?
21
Suppose -4*i = 4*x - 112, 2*i = -2*i + 16. Let z(t) = 2*t**3 + t**2 - t + 1. Let g be z(1). Let v = g - -5. Calculate the highest common factor of x and v.
8
Suppose -z - 19 = 2*f, -2 = f - z - 0. Let q be 1 + -6*(-2 - -4). Let n = f - q. Calculate the highest common factor of n and 8.
4
Let r = 3 + 1. Let h be ((-16)/(-12))/((-2)/(-6)). What is the highest common factor of h and r?
4
Let m(o) = o**3 - 4*o**2 + 15*o - 36. Let x be m(6). What is the greatest common factor of 14 and x?
14
Let m be 108*-2*4/(-16). Let i(q) = 3*q**2 - 3*q. Let l be i(4). What is the highest common factor of m and l?
18
Suppose -4*a + 154 - 22 = 0. Calculate the greatest common factor of a and 11.
11
Suppose 0 = 3*d + 15, -5*a + 0*d = -5*d - 245. Let r = 78 - a. What is the greatest common divisor of 17 and r?
17
Let c be (-132 - -6)/(1/(-2)). Calculate the greatest common factor of 28 and c.
28
Suppose -s - t = 0, s + 4*s + t - 4 = 0. Let k be s/5 - (-33)/(-15). Let q be (3 + k - -61) + 2. What is the highest common factor of 8 and q?
8
Let b = 22 - 16. Suppose -13*t = -14*t + 4. What is the highest common factor of b and t?
2
Suppose -5*a + 354 = c - 171, -2*c = 2*a - 210. Suppose 3*z - 4*z + a = 0. Calculate the highest common divisor of 42 and z.
21
Let v be 282/9 + 2/3. What is the highest common divisor of 8 and v?
8
Suppose -5*h - 105 = -10*h. What is the greatest common divisor of 21 and h?
21
Let o be -1 + 0/(-3) + 0. Let d = 3 - o. What is the highest common factor of d and 2?
2
Suppose 5*d - 11 - 15 = 3*u, 0 = 4*u + 8. Suppose d*a = -24 + 664. What is the highest common factor of a and 16?
16
Let i = -10 - -24. Calculate the highest common factor of 7 and i.
7
Suppose -f = 2*f - 60. Let x be (2/(-5))/(2/(-50)). What is the highest common divisor of x and f?
10
Suppose 96 = 3*k + 3*f, -7*k + 2*f = -3*k - 152. Calculate the highest common factor of k and 36.
36
Suppose 2*s - 4 = 32. What is the greatest common divisor of s and 12?
6
Let i be 4/18 + (-3122)/(-126). Calculate the highest common factor of i and 275.
25
Let v be 22/(3/3 + 1). Suppose 2*i + i = -354. Let o = -41 - i. What is the highest common factor of v and o?
11
Suppose 1 = -4*u + 33. What is the highest common factor of u and 2?
2
Let x(a) = -a**2 + 8*a + 5. Let r be x(8). Suppose r*j - 3 = 7, -10 = 4*m - 5*j. Suppose m*u - 240 = -3*u. Calculate the highest common divisor of 16 and u.
16
Let p be -3 - (3 - 3) - 18. Let z = p - -133. Calculate the highest common factor of z and 16.
16
Let w(u) = -13*u. Let b be w(-1). Calculate the greatest common divisor of 117 and b.
13
Let g = -90 - -104. Let l = 148 - 71. Suppose 3*w - 3*i = l + 55, -3*i = w - 36. Calculate the greatest common divisor of w and g.
14
Let s = 8 + -5. Let c be 1/(1*1/s). Calculate the greatest common divisor of c and 15.
3
Suppose 0*o - 140 = -10*o. Calculate the greates